{"id":2181,"date":"2018-02-23T15:54:01","date_gmt":"2018-02-23T15:54:01","guid":{"rendered":"https:\/\/www.kai-stiepel.com\/wp-content\/uploads\/2017\/01\/Aepfel-aus-dem-Garten-B-10-20171325.jpg"},"modified":"2018-02-23T16:54:55","modified_gmt":"2018-02-23T16:54:55","slug":"foodphotography-foodfotografie-muenchen-stillleben-still-life","status":"inherit","type":"attachment","link":"https:\/\/www.kai-stiepel.com\/de\/food-de\/rezepte\/gemuese-aus-dem-garten\/attachment\/foodphotography-foodfotografie-muenchen-stillleben-still-life\/","title":{"rendered":"\u00e4pfel Garten"},"author":2,"featured_media":0,"comment_status":"open","ping_status":"closed","template":"","meta":{"_acf_changed":false,"_monsterinsights_skip_tracking":false,"_monsterinsights_sitenote_active":false,"_monsterinsights_sitenote_note":"","_monsterinsights_sitenote_category":0},"class_list":["post-2181","attachment","type-attachment","status-inherit","hentry"],"acf":[],"yoast_head":"<!-- This site is optimized with the Yoast SEO plugin v25.3.1 - https:\/\/yoast.com\/wordpress\/plugins\/seo\/ -->\n<title>\u00e4pfel Garten | Kai Stiepel Photography<\/title>\n<meta name=\"robots\" content=\"index, follow, max-snippet:-1, max-image-preview:large, max-video-preview:-1\" \/>\n<link rel=\"canonical\" href=\"https:\/\/www.kai-stiepel.com\/wp-content\/uploads\/2017\/01\/Aepfel-aus-dem-Garten-B-10-20171325.jpg\" \/>\n<meta property=\"og:locale\" content=\"de_DE\" \/>\n<meta property=\"og:type\" content=\"article\" \/>\n<meta property=\"og:title\" content=\"\u00e4pfel Garten | Kai Stiepel Photography\" \/>\n<meta property=\"og:description\" content=\"Garten Aepfel\" \/>\n<meta property=\"og:url\" content=\"https:\/\/www.kai-stiepel.com\/wp-content\/uploads\/2017\/01\/Aepfel-aus-dem-Garten-B-10-20171325.jpg\" \/>\n<meta property=\"og:site_name\" content=\"Kai Stiepel Photography\" \/>\n<meta property=\"article:modified_time\" content=\"2018-02-23T16:54:55+00:00\" \/>\n<meta property=\"og:image\" content=\"https:\/\/www.kai-stiepel.com\/wp-content\/uploads\/2017\/01\/Aepfel-aus-dem-Garten-B-10-20171325-1203x1024.jpg\" \/>\n\t<meta property=\"og:image:width\" content=\"1203\" \/>\n\t<meta property=\"og:image:height\" content=\"1024\" \/>\n\t<meta property=\"og:image:type\" content=\"image\/jpeg\" \/>\n<meta name=\"twitter:card\" content=\"summary_large_image\" \/>\n<script type=\"application\/ld+json\" class=\"yoast-schema-graph\">{\"@context\":\"https:\/\/schema.org\",\"@graph\":[{\"@type\":\"WebPage\",\"@id\":\"https:\/\/www.kai-stiepel.com\/wp-content\/uploads\/2017\/01\/Aepfel-aus-dem-Garten-B-10-20171325.jpg\",\"url\":\"https:\/\/www.kai-stiepel.com\/wp-content\/uploads\/2017\/01\/Aepfel-aus-dem-Garten-B-10-20171325.jpg\",\"name\":\"\u00e4pfel Garten | Kai Stiepel Photography\",\"isPartOf\":{\"@id\":\"https:\/\/www.kai-stiepel.com\/#website\"},\"datePublished\":\"2018-02-23T15:54:01+00:00\",\"dateModified\":\"2018-02-23T16:54:55+00:00\",\"breadcrumb\":{\"@id\":\"https:\/\/www.kai-stiepel.com\/wp-content\/uploads\/2017\/01\/Aepfel-aus-dem-Garten-B-10-20171325.jpg#breadcrumb\"},\"inLanguage\":\"de\",\"potentialAction\":[{\"@type\":\"ReadAction\",\"target\":[\"https:\/\/www.kai-stiepel.com\/wp-content\/uploads\/2017\/01\/Aepfel-aus-dem-Garten-B-10-20171325.jpg\"]}]},{\"@type\":\"BreadcrumbList\",\"@id\":\"https:\/\/www.kai-stiepel.com\/wp-content\/uploads\/2017\/01\/Aepfel-aus-dem-Garten-B-10-20171325.jpg#breadcrumb\",\"itemListElement\":[{\"@type\":\"ListItem\",\"position\":1,\"name\":\"Home\",\"item\":\"https:\/\/www.kai-stiepel.com\/de\/\"},{\"@type\":\"ListItem\",\"position\":2,\"name\":\"Gem\u00fcse aus dem Garten\",\"item\":\"https:\/\/www.kai-stiepel.com\/food\/recipes\/vegitables-out-of-the-garden\/\"},{\"@type\":\"ListItem\",\"position\":3,\"name\":\"\u00e4pfel Garten\"}]},{\"@type\":\"WebSite\",\"@id\":\"https:\/\/www.kai-stiepel.com\/#website\",\"url\":\"https:\/\/www.kai-stiepel.com\/\",\"name\":\"Kai Stiepel Photography\",\"description\":\"\",\"publisher\":{\"@id\":\"https:\/\/www.kai-stiepel.com\/#organization\"},\"alternateName\":\"Kai Stiepel Photography\",\"potentialAction\":[{\"@type\":\"SearchAction\",\"target\":{\"@type\":\"EntryPoint\",\"urlTemplate\":\"https:\/\/www.kai-stiepel.com\/?s={search_term_string}\"},\"query-input\":{\"@type\":\"PropertyValueSpecification\",\"valueRequired\":true,\"valueName\":\"search_term_string\"}}],\"inLanguage\":\"de\"},{\"@type\":\"Organization\",\"@id\":\"https:\/\/www.kai-stiepel.com\/#organization\",\"name\":\"Kai Stiepel Photography\",\"alternateName\":\"Kai Stiepel Photography\",\"url\":\"https:\/\/www.kai-stiepel.com\/\",\"logo\":{\"@type\":\"ImageObject\",\"inLanguage\":\"de\",\"@id\":\"https:\/\/www.kai-stiepel.com\/#\/schema\/logo\/image\/\",\"url\":\"https:\/\/www.kai-stiepel.com\/wp-content\/uploads\/2025\/10\/Untitled-design-2025-10-21T034202.256.png\",\"contentUrl\":\"https:\/\/www.kai-stiepel.com\/wp-content\/uploads\/2025\/10\/Untitled-design-2025-10-21T034202.256.png\",\"width\":500,\"height\":500,\"caption\":\"Kai Stiepel Photography\"},\"image\":{\"@id\":\"https:\/\/www.kai-stiepel.com\/#\/schema\/logo\/image\/\"}}]}<\/script>\n<!-- \/ Yoast SEO plugin. -->","yoast_head_json":{"title":"\u00e4pfel Garten | Kai Stiepel Photography","robots":{"index":"index","follow":"follow","max-snippet":"max-snippet:-1","max-image-preview":"max-image-preview:large","max-video-preview":"max-video-preview:-1"},"canonical":"https:\/\/www.kai-stiepel.com\/wp-content\/uploads\/2017\/01\/Aepfel-aus-dem-Garten-B-10-20171325.jpg","og_locale":"de_DE","og_type":"article","og_title":"\u00e4pfel Garten | Kai Stiepel Photography","og_description":"Garten Aepfel","og_url":"https:\/\/www.kai-stiepel.com\/wp-content\/uploads\/2017\/01\/Aepfel-aus-dem-Garten-B-10-20171325.jpg","og_site_name":"Kai Stiepel Photography","article_modified_time":"2018-02-23T16:54:55+00:00","og_image":[{"width":1203,"height":1024,"url":"https:\/\/www.kai-stiepel.com\/wp-content\/uploads\/2017\/01\/Aepfel-aus-dem-Garten-B-10-20171325-1203x1024.jpg","type":"image\/jpeg"}],"twitter_card":"summary_large_image","schema":{"@context":"https:\/\/schema.org","@graph":[{"@type":"WebPage","@id":"https:\/\/www.kai-stiepel.com\/wp-content\/uploads\/2017\/01\/Aepfel-aus-dem-Garten-B-10-20171325.jpg","url":"https:\/\/www.kai-stiepel.com\/wp-content\/uploads\/2017\/01\/Aepfel-aus-dem-Garten-B-10-20171325.jpg","name":"\u00e4pfel Garten | Kai Stiepel Photography","isPartOf":{"@id":"https:\/\/www.kai-stiepel.com\/#website"},"datePublished":"2018-02-23T15:54:01+00:00","dateModified":"2018-02-23T16:54:55+00:00","breadcrumb":{"@id":"https:\/\/www.kai-stiepel.com\/wp-content\/uploads\/2017\/01\/Aepfel-aus-dem-Garten-B-10-20171325.jpg#breadcrumb"},"inLanguage":"de","potentialAction":[{"@type":"ReadAction","target":["https:\/\/www.kai-stiepel.com\/wp-content\/uploads\/2017\/01\/Aepfel-aus-dem-Garten-B-10-20171325.jpg"]}]},{"@type":"BreadcrumbList","@id":"https:\/\/www.kai-stiepel.com\/wp-content\/uploads\/2017\/01\/Aepfel-aus-dem-Garten-B-10-20171325.jpg#breadcrumb","itemListElement":[{"@type":"ListItem","position":1,"name":"Home","item":"https:\/\/www.kai-stiepel.com\/de\/"},{"@type":"ListItem","position":2,"name":"Gem\u00fcse aus dem Garten","item":"https:\/\/www.kai-stiepel.com\/food\/recipes\/vegitables-out-of-the-garden\/"},{"@type":"ListItem","position":3,"name":"\u00e4pfel Garten"}]},{"@type":"WebSite","@id":"https:\/\/www.kai-stiepel.com\/#website","url":"https:\/\/www.kai-stiepel.com\/","name":"Kai Stiepel Photography","description":"","publisher":{"@id":"https:\/\/www.kai-stiepel.com\/#organization"},"alternateName":"Kai Stiepel Photography","potentialAction":[{"@type":"SearchAction","target":{"@type":"EntryPoint","urlTemplate":"https:\/\/www.kai-stiepel.com\/?s={search_term_string}"},"query-input":{"@type":"PropertyValueSpecification","valueRequired":true,"valueName":"search_term_string"}}],"inLanguage":"de"},{"@type":"Organization","@id":"https:\/\/www.kai-stiepel.com\/#organization","name":"Kai Stiepel Photography","alternateName":"Kai Stiepel Photography","url":"https:\/\/www.kai-stiepel.com\/","logo":{"@type":"ImageObject","inLanguage":"de","@id":"https:\/\/www.kai-stiepel.com\/#\/schema\/logo\/image\/","url":"https:\/\/www.kai-stiepel.com\/wp-content\/uploads\/2025\/10\/Untitled-design-2025-10-21T034202.256.png","contentUrl":"https:\/\/www.kai-stiepel.com\/wp-content\/uploads\/2025\/10\/Untitled-design-2025-10-21T034202.256.png","width":500,"height":500,"caption":"Kai Stiepel Photography"},"image":{"@id":"https:\/\/www.kai-stiepel.com\/#\/schema\/logo\/image\/"}}]}},"description":{"rendered":"<p class=\"attachment\"><a href='https:\/\/www.kai-stiepel.com\/wp-content\/uploads\/2017\/01\/Aepfel-aus-dem-Garten-B-10-20171325.jpg'><img loading=\"lazy\" decoding=\"async\" width=\"235\" height=\"200\" src=\"https:\/\/www.kai-stiepel.com\/wp-content\/uploads\/2017\/01\/Aepfel-aus-dem-Garten-B-10-20171325-235x200.jpg\" class=\"attachment-medium size-medium\" alt=\"vier \u00c4pfel aus dem Garten, vom Baum liegen mit Bl\u00e4ttern auf farbiger, verwittertem Untergrund. Eine Wespe krabbelt \u00fcber einen Apfel\" srcset=\"https:\/\/www.kai-stiepel.com\/wp-content\/uploads\/2017\/01\/Aepfel-aus-dem-Garten-B-10-20171325-235x200.jpg 235w, https:\/\/www.kai-stiepel.com\/wp-content\/uploads\/2017\/01\/Aepfel-aus-dem-Garten-B-10-20171325-1203x1024.jpg 1203w, https:\/\/www.kai-stiepel.com\/wp-content\/uploads\/2017\/01\/Aepfel-aus-dem-Garten-B-10-20171325-940x800.jpg 940w, https:\/\/www.kai-stiepel.com\/wp-content\/uploads\/2017\/01\/Aepfel-aus-dem-Garten-B-10-20171325-235x200@2x.jpg 470w, https:\/\/www.kai-stiepel.com\/wp-content\/uploads\/2017\/01\/Aepfel-aus-dem-Garten-B-10-20171325-1203x1024@2x.jpg 2406w, https:\/\/www.kai-stiepel.com\/wp-content\/uploads\/2017\/01\/Aepfel-aus-dem-Garten-B-10-20171325-940x800@2x.jpg 1880w\" sizes=\"auto, (max-width: 235px) 100vw, 235px\" \/><\/a><\/p>\n<p>Gem\u00fcse, Garten, \u00c4pfel, Apfel, Obst, Stillleben, Foodphotography, Still Life Photography, Foodtyling, M\u00fcnchen<\/p>\n"},"caption":{"rendered":"<p>Garten Aepfel<\/p>\n"},"alt_text":"vier \u00c4pfel aus dem Garten, vom Baum liegen mit Bl\u00e4ttern auf farbiger, verwittertem Untergrund. Eine Wespe krabbelt \u00fcber einen Apfel","media_type":"image","mime_type":"image\/jpeg","media_details":{"width":4000,"height":3405,"file":"2017\/01\/Aepfel-aus-dem-Garten-B-10-20171325.jpg","sizes":{"thumbnail":{"file":"Aepfel-aus-dem-Garten-B-10-20171325-150x150.jpg","width":150,"height":150,"mime_type":"image\/jpeg","source_url":"https:\/\/www.kai-stiepel.com\/wp-content\/uploads\/2017\/01\/Aepfel-aus-dem-Garten-B-10-20171325-150x150.jpg"},"medium":{"file":"Aepfel-aus-dem-Garten-B-10-20171325-235x200.jpg","width":235,"height":200,"mime_type":"image\/jpeg","source_url":"https:\/\/www.kai-stiepel.com\/wp-content\/uploads\/2017\/01\/Aepfel-aus-dem-Garten-B-10-20171325-235x200.jpg"},"large":{"file":"Aepfel-aus-dem-Garten-B-10-20171325-1203x1024.jpg","width":1203,"height":1024,"mime_type":"image\/jpeg","source_url":"https:\/\/www.kai-stiepel.com\/wp-content\/uploads\/2017\/01\/Aepfel-aus-dem-Garten-B-10-20171325-1203x1024.jpg"},"slider":{"file":"Aepfel-aus-dem-Garten-B-10-20171325-940x800.jpg","width":940,"height":800,"mime_type":"image\/jpeg","source_url":"https:\/\/www.kai-stiepel.com\/wp-content\/uploads\/2017\/01\/Aepfel-aus-dem-Garten-B-10-20171325-940x800.jpg"},"full":{"file":"Aepfel-aus-dem-Garten-B-10-20171325.jpg","width":4000,"height":3405,"mime_type":"image\/jpeg","source_url":"https:\/\/www.kai-stiepel.com\/wp-content\/uploads\/2017\/01\/Aepfel-aus-dem-Garten-B-10-20171325.jpg"}},"image_meta":{"aperture":"14","credit":"KAI STIEPEL","camera":"NIKON D750","caption":"foodphotography foodfotografie m\u00fcnchen stillleben still life","created_timestamp":"1508689116","copyright":"www.kai-stiepel.com","focal_length":"82","iso":"100","shutter_speed":"1.6","title":"foodphotography foodfotografie m\u00fcnchen stillleben still life","orientation":"1","keywords":[]}},"post":1468,"source_url":"https:\/\/www.kai-stiepel.com\/wp-content\/uploads\/2017\/01\/Aepfel-aus-dem-Garten-B-10-20171325.jpg","_links":{"self":[{"href":"https:\/\/www.kai-stiepel.com\/de\/wp-json\/wp\/v2\/media\/2181","targetHints":{"allow":["GET"]}}],"collection":[{"href":"https:\/\/www.kai-stiepel.com\/de\/wp-json\/wp\/v2\/media"}],"about":[{"href":"https:\/\/www.kai-stiepel.com\/de\/wp-json\/wp\/v2\/types\/attachment"}],"author":[{"embeddable":true,"href":"https:\/\/www.kai-stiepel.com\/de\/wp-json\/wp\/v2\/users\/2"}]}}

äpfel Garten

<!-- This site is optimized with the Yoast SEO plugin v25.3.1 - https://yoast.com/wordpress/plugins/seo/ -->
<title>äpfel Garten | Kai Stiepel Photography</title>
<meta name="robots" content="index, follow, max-snippet:-1, max-image-preview:large, max-video-preview:-1" />
<link rel="canonical" href="https://www.kai-stiepel.com/wp-content/uploads/2017/01/Aepfel-aus-dem-Garten-B-10-20171325.jpg" />
<meta property="og:locale" content="de_DE" />
<meta property="og:type" content="article" />
<meta property="og:title" content="äpfel Garten | Kai Stiepel Photography" />
<meta property="og:description" content="Garten Aepfel" />
<meta property="og:url" content="https://www.kai-stiepel.com/wp-content/uploads/2017/01/Aepfel-aus-dem-Garten-B-10-20171325.jpg" />
<meta property="og:site_name" content="Kai Stiepel Photography" />
<meta property="article:modified_time" content="2018-02-23T16:54:55+00:00" />
<meta property="og:image" content="https://www.kai-stiepel.com/wp-content/uploads/2017/01/Aepfel-aus-dem-Garten-B-10-20171325-1203x1024.jpg" />
	<meta property="og:image:width" content="1203" />
	<meta property="og:image:height" content="1024" />
	<meta property="og:image:type" content="image/jpeg" />
<meta name="twitter:card" content="summary_large_image" />
<script type="application/ld+json" class="yoast-schema-graph">{"@context":"https://schema.org","@graph":[{"@type":"WebPage","@id":"https://www.kai-stiepel.com/wp-content/uploads/2017/01/Aepfel-aus-dem-Garten-B-10-20171325.jpg","url":"https://www.kai-stiepel.com/wp-content/uploads/2017/01/Aepfel-aus-dem-Garten-B-10-20171325.jpg","name":"äpfel Garten | Kai Stiepel Photography","isPartOf":{"@id":"https://www.kai-stiepel.com/#website"},"datePublished":"2018-02-23T15:54:01+00:00","dateModified":"2018-02-23T16:54:55+00:00","breadcrumb":{"@id":"https://www.kai-stiepel.com/wp-content/uploads/2017/01/Aepfel-aus-dem-Garten-B-10-20171325.jpg#breadcrumb"},"inLanguage":"de","potentialAction":[{"@type":"ReadAction","target":["https://www.kai-stiepel.com/wp-content/uploads/2017/01/Aepfel-aus-dem-Garten-B-10-20171325.jpg"]}]},{"@type":"BreadcrumbList","@id":"https://www.kai-stiepel.com/wp-content/uploads/2017/01/Aepfel-aus-dem-Garten-B-10-20171325.jpg#breadcrumb","itemListElement":[{"@type":"ListItem","position":1,"name":"Home","item":"https://www.kai-stiepel.com/de/"},{"@type":"ListItem","position":2,"name":"Gemüse aus dem Garten","item":"https://www.kai-stiepel.com/food/recipes/vegitables-out-of-the-garden/"},{"@type":"ListItem","position":3,"name":"äpfel Garten"}]},{"@type":"WebSite","@id":"https://www.kai-stiepel.com/#website","url":"https://www.kai-stiepel.com/","name":"Kai Stiepel Photography","description":"","publisher":{"@id":"https://www.kai-stiepel.com/#organization"},"alternateName":"Kai Stiepel Photography","potentialAction":[{"@type":"SearchAction","target":{"@type":"EntryPoint","urlTemplate":"https://www.kai-stiepel.com/?s={search_term_string}"},"query-input":{"@type":"PropertyValueSpecification","valueRequired":true,"valueName":"search_term_string"}}],"inLanguage":"de"},{"@type":"Organization","@id":"https://www.kai-stiepel.com/#organization","name":"Kai Stiepel Photography","alternateName":"Kai Stiepel Photography","url":"https://www.kai-stiepel.com/","logo":{"@type":"ImageObject","inLanguage":"de","@id":"https://www.kai-stiepel.com/#/schema/logo/image/","url":"https://www.kai-stiepel.com/wp-content/uploads/2025/10/Untitled-design-2025-10-21T034202.256.png","contentUrl":"https://www.kai-stiepel.com/wp-content/uploads/2025/10/Untitled-design-2025-10-21T034202.256.png","width":500,"height":500,"caption":"Kai Stiepel Photography"},"image":{"@id":"https://www.kai-stiepel.com/#/schema/logo/image/"}}]}</script>
<!-- / Yoast SEO plugin. -->

äpfel Garten | Kai Stiepel Photography

Gemüse aus dem Garten

<p class="attachment"><a href='https://www.kai-stiepel.com/wp-content/uploads/2017/01/Aepfel-aus-dem-Garten-B-10-20171325.jpg'><img loading="lazy" decoding="async" width="235" height="200" src="https://www.kai-stiepel.com/wp-content/uploads/2017/01/Aepfel-aus-dem-Garten-B-10-20171325-235x200.jpg" class="attachment-medium size-medium" alt="vier Äpfel aus dem Garten, vom Baum liegen mit Blättern auf farbiger, verwittertem Untergrund. Eine Wespe krabbelt über einen Apfel" srcset="https://www.kai-stiepel.com/wp-content/uploads/2017/01/Aepfel-aus-dem-Garten-B-10-20171325-235x200.jpg 235w, https://www.kai-stiepel.com/wp-content/uploads/2017/01/Aepfel-aus-dem-Garten-B-10-20171325-1203x1024.jpg 1203w, https://www.kai-stiepel.com/wp-content/uploads/2017/01/Aepfel-aus-dem-Garten-B-10-20171325-940x800.jpg 940w, https://www.kai-stiepel.com/wp-content/uploads/2017/01/Aepfel-aus-dem-Garten-B-10-20171325-235x200@2x.jpg 470w, https://www.kai-stiepel.com/wp-content/uploads/2017/01/Aepfel-aus-dem-Garten-B-10-20171325-1203x1024@2x.jpg 2406w, https://www.kai-stiepel.com/wp-content/uploads/2017/01/Aepfel-aus-dem-Garten-B-10-20171325-940x800@2x.jpg 1880w" sizes="auto, (max-width: 235px) 100vw, 235px" /></a></p>
<p>Gemüse, Garten, Äpfel, Apfel, Obst, Stillleben, Foodphotography, Still Life Photography, Foodtyling, München</p>

vier Äpfel aus dem Garten, vom Baum liegen mit Blättern auf farbiger, verwittertem Untergrund. Eine Wespe krabbelt über einen Apfel

foodphotography foodfotografie münchen stillleben still life
